n - 6. Let v be d(4). Let w = v + 27. What is the units digit of 6/(-21) + (-220)/w?
6
Suppose -12*y = -10*y - 1280. Suppose -5*c + 228 = 5*i - 1407, 2*c - 5*i = y. What is the hundreds digit of c?
3
Suppose -17603 = -21*d + 1171. What is the units digit of d?
4
Let m(y) = y**3 - 3*y**2 + y. Let b be (0 - 0) + (-3)/(-1). Let j be m(b). What is the tens digit of 19/4*24/j?
3
Let j(x) = -161*x**2 - 10*x + 3. Let l(m) = 54*m**2 + 3*m - 1. Let a(q) = 2*j(q) + 7*l(q). What is the units digit of a(1)?
6
Let d(i) = i - 14. Let y be d(8). What is the units digit of (-16)/12*9/y?
2
What is the hundreds digit of (-4)/38 - 59385/(-95)?
6
Suppose 18 = 5*p + 8. Suppose 0 = -5*i + p + 43. Suppose -2*w = -5*d + 185, 2*w - 120 = -3*d - i. What is the units digit of d?
7
Let a(v) be the first derivative of -3 - 7/3*v**3 - 5/2*v**2 - 1/4*v**4 + 7*v. What is the units digit of a(-6)?
1
Let t(a) = -2*a + 2. Let f be t(4). Let x be (-4)/f*(-9)/(-2). Suppose 34 + 20 = x*i. What is the units digit of i?
8
Let n be (-4)/14 + (-2148)/28. Let f(b) = b**3 - 8*b**2 - 10*b + 11. Let h be f(6). Let p = n - h. What is the units digit of p?
4
Let f = 2468 - 1654. What is the tens digit of f?
1
Let o(t) = t - 2. Let q be o(9). Let g be -1*q/((-14)/8). Let s(h) = h**2 + 6*h + 3. What is the tens digit of s(g)?
4
Suppose -u + 43 - 20 = 0. Let b = 28 - u. What is the units digit of b?
5
Let m(k) = k**3 + 3*k**2 + 2*k + 6. Let v be m(-3). Suppose -76 = -v*t - 4*t. What is the units digit of t?
9
Suppose -i - 3 = 2*p + 1, 2*i - 4*p = 0. What is the units digit of (-45)/(-12)*(i - -14)?
5
Let s(n) = n**2 + 6*n + 9. Let z be s(-5). What is the units digit of 2 + 4/z + 122?
5
Let v be ((-40)/70)/((-2)/7). Suppose -3*q + w + 35 = v*w, -4*q - 4*w = -44. What is the units digit of q?
2
What is the units digit of (-68394)/(-30) + 7/35?
0
Let i = 14 - 9. Suppose -5*v + 5*k - 26 = -1, -3*v + i*k = 21. What is the tens digit of v/4 + 150/12?
1
Let k = -13 - -16. Suppose 0 = -r - k*r + 44. Suppose r = -u + 31. What is the units digit of u?
0
Let g(a) = -10*a + 0*a**2 + 5*a**3 - 12*a - 1 + 21*a + 3*a**2. Let p be g(2). Suppose -5*w = 3*i - 56, 0*i + p = 4*w + i. What is the units digit of w?
3
Suppose -13*t = -3*t. Suppose t*h + 3*h = 264. What is the units digit of h?
8
What is the hundreds digit of 306/(-918) + 0 + (-27302)/(-6)?
5
Let a = -523 - -797. Suppose 0 = 3*h - 5*k - a, -3*h = -0*k - 4*k - 272. Suppose -41 - h = -3*u. What is the tens digit of u?
4
Suppose -5*k + 4*v + 34 = 0, 2*k - v = k + 7. Suppose -18 = 5*n - r + 17, -r + 14 = -2*n. What is the tens digit of k/(-21) - 114/n?
1
Suppose -29 = 2*i + 3*v, -3*v + 16 = -4*i + 3. Let z(b) = 41*b + 1 - 27*b - 19*b. What is the tens digit of z(i)?
3
Let h = -68 - -157. Let u = -37 + h. What is the units digit of (u/10)/(7/35)?
6
Let o = 26 - -185. What is the tens digit of o?
1
Suppose 6 = k - 4*t - 2, -5*k + 22 = -2*t. Suppose 5*b - k*a - 46 = 7, 68 = 5*b + a. What is the tens digit of b?
1
Suppose 2*q - 4*c - 2808 = 0, 10*c + 4212 = 3*q + 5*c. What is the tens digit of q?
0
Let o = 6556 - 3403. What is the hundreds digit of o?
1
Let f(w) = -w**2 + 23*w - 14. Let m be f(22). Suppose 4*l - 170 = -l. Suppose -m = y - l. What is the units digit of y?
6
Suppose 4*a = 2*m - 244, 3*a + 6 = m - 121. What is the units digit of m?
2
Suppose 5*n = 3*n - 4*l + 162, 3*n - 4*l - 283 = 0. Suppose -4*t + n = -43. What is the tens digit of t?
3
Let b be (-150)/(-4) - (-81)/54. Let t be (-4)/(1/((-1)/2)). Suppose -i - t = -b. What is the tens digit of i?
3
Suppose -20 = -c + 5*v, 0 = -5*c - 2*v + 2 - 10. Suppose 5*x - 7*x = c. Suppose 0 = -2*u - x*b + b + 27, -u = 4*b. What is the units digit of u?
2
What is the tens digit of (383/2 + (-8)/16)*1?
9
Let i(l) = l**3 - 5*l**2 - 4*l - 6. Let w be i(6). Let n be (-6)/((1 - 2)/w). Let y = -14 + n. What is the tens digit of y?
2
Let c(o) = -o**3 - 5*o**2 - 3*o - 5. Suppose -2*d + 3*w - w - 6 = 0, 0 = -5*d - 4*w + 3. Let a be (d/3)/(6/90). What is the tens digit of c(a)?
1
Let v(u) be the first derivative of -u**3/3 - 12*u**2 + 16*u + 24. What is the units digit of v(-19)?
1
What is the tens digit of -516*(60/8)/(-15)?
5
Let q = 1241 + -356. What is the units digit of q?
5
Let f = -78 + 80. Suppose -f*o - 222 = -g, -o + 666 = 6*g - 3*g. What is the hundreds digit of g?
2
Let l(x) = -103*x - 142. What is the hundreds digit of l(-10)?
8
Let f = -634 - -1777. What is the units digit of f?
3
Let i = -758 + 1449. What is the hundreds digit of i?
6
Let f = -7 + 9. Suppose -3*c = -c - 68. Suppose -65 = -3*z - z - 5*q, f*z + 4*q - c = 0. What is the units digit of z?
5
Let c = -371 - -384. What is the tens digit of c?
1
Let w be 9/(-6) - (-126)/12. Let b be (3/9)/((-3)/w). Let z = b + 2. What is the units digit of z?
1
Let w(h) = -h**2 + 18*h - 18. Suppose -5*s - 21 - 9 = 0. Let t be (8/s)/(1/(-12)). What is the tens digit of w(t)?
1
Let f be 2/8 - (-11)/4. Let c = 79 + -77. Suppose c*x = 11 - 1, 3*x + 36 = f*a. What is the tens digit of a?
1
Suppose 0 = v + w + 1, 5 - 1 = 4*v - 4*w. Let s be (-1 - -2 - v)*2. Suppose -s*u - u + 18 = 0. What is the units digit of u?
6
Let g = -1455 - -2464. What is the thousands digit of g?
1
Let x = -13 + 22. Let l = -12 + x. What is the units digit of 1*(-27)/(l/1)?
9
Let r be 1*(-1)/(-4) + 31943/68. Let x = r - 299. What is the tens digit of x?
7
Suppose 5*x = -g + 9*x + 4733, -2*g - x + 9466 = 0. What is the units digit of g?
3
Suppose 3*d + 9 + 27 = 0. Let h be d/9*15/(-20). What is the units digit of 168/16 - h/(-2)?
1
Let m(s) = -52*s**2 - 2*s - 27. Let l be m(5). What is the tens digit of 4/16 - l/28?
4
What is the hundreds digit of (-2 + (6 - 11) - -1987) + 6?
9
Suppose -u - u = -3*h + 12, 3*u - 2*h + 8 = 0. Suppose -3*c + 2*c + 45 = u. Let z = -30 + c. What is the tens digit of z?
1
Let u be 71 - 4/(-8)*(1 - -1). What is the units digit of (13/39)/(2/u)?
2
Suppose 12 = -4*k, 2*g - 5*k - 3504 = -g. What is the units digit of g?
3
Let g(j) = j**3 + 18*j**2 + 18*j + 20. Let t be g(-17). Suppose -v = 5*a + v - 255, -t*a + 172 = 5*v. What is the tens digit of a?
4
Suppose y - 5 = 99. Let v = -6 + y. What is the units digit of v?
8
Let g(n) = 6*n**2 + 1. Let c be g(2). Let z = -357 - -378. Let y = c - z. What is the units digit of y?
4
Suppose 13 = 2*n - 3*s, -6 = -5*n + 4*s + 16. Suppose u - l = -3*u + 728, 362 = n*u - l. What is the units digit of u?
3
Let c(b) = 251*b - 25. What is the tens digit of c(3)?
2
Let o be ((-18)/(-24))/(2/16). Let a be 3*((-14)/o - -3). Suppose -1 = -x + 3*c + 28, a*x - 54 = 5*c. What is the tens digit of x?
1
Let m(w) = -w**2 + 4*w - 13. Let a be m(9). Let j = a + 104. What is the units digit of j?
6
Suppose -5*n + 534 = 2*t, t - 3*n + 526 = 3*t. What is the hundreds digit of t?
2
Let t(u) = 7*u + 4 + 5*u - 15*u. What is the tens digit of t(-5)?
1
Let w(p) = 46*p**3 + 2*p**2 - 2*p. Let q be w(1). Suppose 2*x - 18 + q = 0. What is the units digit of (-16 + 10)*x/3?
8
Let j = 1992 - 1297. What is the hundreds digit of j?
6
Suppose -2*g - 6 = -130. What is the units digit of g?
2
Suppose 8*t = 5*t + 6. Suppose 3 = -t*s - 53. Let d = 48 + s. What is the units digit of d?
0
Suppose 5*o + 2*i - 5251 = 0, -2*i - 2106 = 25*o - 27*o. What is the thousands digit of o?
1
Let p(d) = d**2 - 34*d - 45. What is the tens digit of p(36)?
2
Let z(a) = 3*a**2 + 10*a - 36. What is the units digit of z(11)?
7
Suppose -15*t - 196 = -16*t. Suppose 2*p + t = 6*p. What is the units digit of p?
9
Let i be ((-3)/(-2))/((-3)/(-14)). Suppose -2 = m - i. What is the units digit of m?
5
Let h be (-8 + -400)*(1 + -2) - -1. Suppose 0 = -2*a - 87 + h. What is the hundreds digit of a?
1
Let d(w) = w**2 + 12*w - 41. Let j be d(-15). Suppose s - 2*m - 5 = 4, 0 = -5*s - j*m + 17. What is the units digit of s?
5
Let d = -3236 + 9271. What is the tens digit of d?
3
Suppose 3*l = -10*r + 6*r + 3852, -2*r - l = -1928. What is the tens digit of r?
6
Suppose -398 = 3*b - 2*x, 3*b - x + 6*x + 412 = 0. Let g = 242 + b. Let q = -46 + g. What is the units digit of q?
2
Let o = 3750 + -1680. What is the hundreds digit of o?
0
Let p = -6 + 10. Let w(u) = 11*u + 1. Let j be w(p). What is the tens digit of j*(-2)/(0 + -6)?
1
Suppose -5*a = -0*a + 2*q - 173, 4*a - 4*q = 144. Suppose 0 = -4*u - 20,